 2*h**2 + h - 2. Let d be q(2). Suppose 676 = 3*j - 8*j - 3*r, -5*r = -j - 152. Let u = j - d. Is u a prime number?
False
Let d(n) = 182*n + 1. Let j be d(1). Let i = j + -110. Suppose -489 = -3*h + 5*v, 2*v - 857 = -5*h - i. Is h a composite number?
True
Suppose -4*a + a + 13 = z, 0 = 2*a + 5*z - 26. Suppose -f = -a*f + 548. Suppose -907 + f = -3*h. Is h prime?
True
Suppose -5*h + 6*h + 1129 = 4*d, 5705 = -5*h + 5*d. Let k = h + 1666. Is k prime?
True
Let a(g) = g - 2. Let p be a(6). Let q(b) = p*b + 2*b**2 - 1 + 0*b**3 + 5*b**3 - 6*b**2. Is q(4) prime?
True
Suppose 3*g - 5*v - 946 - 16381 = 0, 28885 = 5*g - 5*v. Is g a prime number?
True
Suppose -10 = -4*t - 5*z + 5, t - 12 = -4*z. Suppose 5*i - 421 = f, t = -3*f + 2*f + 4. Is i a composite number?
True
Let z(p) = -724*p - 705. Is z(-43) a prime number?
True
Suppose 2*u = 8*u - 35808. Suppose 0*v - 3*v - 5*c = -3584, 3*c = -5*v + u. Is v prime?
True
Let l(m) = 6*m - 6. Let o be l(2). Suppose 3*t + s - 184 = 0, 2*s - 2 = -o. Is t prime?
False
Suppose 3*q - 3261 = -207. Is q a prime number?
False
Suppose -11*j + 12959 + 5246 = 0. Is j composite?
True
Let j be (6/(126/(-49)))/(1/114). Let i be 3 - (2 + 2) - -674. Let m = j + i. Is m a prime number?
False
Let y = -67823 - -124020. Is y a composite number?
False
Is 2/(-3)*(-437829)/14 composite?
False
Let m(b) = -291*b + 89 - 25 - 9. Is m(-4) a prime number?
False
Let b be (-4 - 2/1)/(-3). Is ((-689)/(-52))/(b/40) a prime number?
False
Suppose -5*g + 9 = -2*z, 3*g + 22 = -5*z + 77. Suppose -4*l = -4 - z. Suppose 0*i = 2*i + 5*x - 258, l*i - 4*x - 341 = 0. Is i prime?
False
Let g = 206 - 139. Let w = -6 + g. Suppose 0 = 3*u - 230 - w. Is u a prime number?
True
Is -1*18610/(-16) - (-35)/(-280) a composite number?
False
Let g(w) = 21*w**3 - 5*w**2 - 3*w - 6. Let b(x) = -64*x**3 + 13*x**2 + 9*x + 19. Let r(i) = 3*b(i) + 8*g(i). Is r(-4) composite?
True
Suppose 2*b = 7*b - 5*w - 7735, 3*b - 4*w = 4645. Is b a composite number?
False
Is 44/(-6)*(-8226)/12 a prime number?
False
Suppose a = s - 490, -4*s = a - 140 - 1820. Let u = -347 + s. Is u a prime number?
False
Let j be -7 + 124/10 - (-4)/(-10). Suppose 3*o - j*t - 6541 = -647, 4*t - 20 = 0. Is o a composite number?
False
Suppose 2*l - 1650 = 5*l. Let g(d) = -13*d**2 + 28*d - 8. Let v be g(11). Let h = l - v. Is h prime?
False
Let h(v) = -2*v - 8. Let c be h(7). Let p = -20 - c. Suppose -5*i + 1460 = 5*a, 5*i = 2*i - p*a + 879. Is i composite?
True
Let t(k) = 4*k**3 + 2*k**2 + 8*k + 6. Let q be t(-6). Let i = q + 1360. Is i prime?
False
Suppose -2*x + 7*x + 55 = 0. Let m = x + 13. Suppose 5*s - m*u + u - 292 = 0, 3*u = 9. Is s prime?
True
Suppose 2415 = 2*c + 2*j - 13, 5*c - 6062 = 3*j. Is c prime?
True
Let s = -12591 - -17677. Let q = s - 2159. Is q a prime number?
True
Suppose 5*k + 35195 = 5*p, 9*p = 10*p + 4*k - 7039. Is p composite?
False
Is 1 + 0/4 + 76*21 a composite number?
False
Let p(m) = m**3 + 21*m**2 - 28*m - 35. Is p(-16) a composite number?
False
Let t(o) = -212*o + 671. Is t(-9) a prime number?
True
Suppose -3*d + 9518 = -2*d + s, 2*d = 4*s + 19054. Is d prime?
True
Suppose -17*l + 15*l = -422. Is l a composite number?
False
Let m(a) = -67*a. Let c = -6 + 9. Suppose 2*k - 1 = -c. Is m(k) a composite number?
False
Suppose 0*q + 396 = 5*q + i, -2*i = q - 81. Is q*(-1 - (-9)/3) prime?
False
Suppose -5*a - 41 = -11. Let g = a - -6. Is -2 + 3 - (-130 - g) prime?
True
Let p(n) = 11 - 205*n + 14 - 27. Is p(-1) a prime number?
False
Let k = 2779 + 1294. Is k composite?
False
Suppose -b + 4*c - 1761 = -7242, c = -3*b + 16495. Is b a prime number?
False
Suppose 27005 = 7*y + 4*y. Suppose 3*d + 2*u - y = 0, 5*u = d + 2*d - 2483. Is d prime?
True
Let l(i) = -62*i - 251. Is l(-9) composite?
False
Suppose -3*b = -0*b - 15. Suppose 0*v + 163 = b*g - 2*v, -2*g + 50 = 3*v. Let p = g + 96. Is p composite?
False
Let j = -74 - -150. Suppose j = q + 5. Is q composite?
False
Suppose 3*i + 4*k = -4, 0 = 5*k + 22 - 2. Suppose -2*z + 3*m = z - 4437, -i*z - 3*m + 5930 = 0. Is z prime?
True
Let r(u) = u**2 - 3*u + 2. Let z be r(4). Let f(x) = -5 + 5*x + 9 - z*x**2 + 39*x**2 + 1. Is f(-3) a prime number?
False
Suppose 5*a + 8638 = j, -j - a + 2*a + 8658 = 0. Is j composite?
False
Suppose 0*u + 5*u - 5 = z, -4*u + 4*z = 12. Suppose -u*n + 706 = 3*h, -5*h - 1147 = -5*n + 568. Is n composite?
False
Suppose 0*r + 1860 = 2*r. Suppose 0 = 5*s - 6365 + r. Is s prime?
True
Suppose 2*b = 2 - 4. Suppose 4*d - 271 = 5*f, -4*f + 5*d = 148 + 67. Is 1 + 2 + b - f a prime number?
False
Suppose -3*l + 80 = -7*l. Is (-5)/l - 27/(-4) composite?
False
Let i(m) = 4260*m - 173. Is i(6) a prime number?
False
Suppose 3*q = 77 - 26. Suppose 5*h + 23 + q = 0. Let p = h + 11. Is p a prime number?
True
Suppose 0 = -i + z + 8, -2 = 3*z - z. Suppose -4*v = 3*g - i - 6, 5 = -5*g. Suppose f - 195 = -3*c + 137, -4*f = -v*c + 416. Is c prime?
True
Let y(k) = k - 3*k + 0 + 10 + 73. Is y(0) composite?
False
Let u(g) = -g**3 - 17*g**2 - 53*g - 25. Is u(-18) a prime number?
False
Suppose 3*f + 11 = y, -4*f - 15 + 1 = -y. Let w(q) = 66*q - 5. Is w(y) prime?
True
Let i(d) = -21*d + 2. Let g(y) = 7*y - 1. Let c(l) = 17*g(l) + 6*i(l). Suppose o + 2*o = -n - 15, 4*n - 24 = 2*o. Is c(o) a composite number?
False
Let l be 125/35 + 6/14. Let g be 9/l + (-8)/32. Suppose 0 = -3*q + 2*x + 311, -5*q + 778 = -g*x + 261. Is q a prime number?
True
Let v(j) = -j**3 - 8*j**2 + 8*j - 4. Let x be v(-9). Suppose -5*d + 1370 = 4*k, -3*d - 1370 = -8*d - x*k. Is d a prime number?
False
Let s(n) = -3072*n**3 + n - 3. Is s(-2) a composite number?
False
Let g(s) = -2 - s**3 + s + 5 + 2 - 2*s. Let w be g(0). Is (w/(-3))/((-1)/33) composite?
True
Is (110820/120)/(2/(-4) + 1) prime?
True
Let l(z) = 2*z - 11. Suppose -10 + 3 = -o. Let g be l(o). Suppose 0 = -n - 5*x + 242, n - g*x - 91 = 111. Is n a composite number?
True
Let o(y) = 79*y**2 - 14*y - 36. Is o(-11) composite?
False
Suppose 3*s - 460 = -5*y, 0*y - 4*y + s + 368 = 0. Let b = 1453 - y. Is b prime?
True
Let r(n) = 84*n**3 + 2*n**2 + 47. Is r(6) a prime number?
False
Let n(j) = -4 - 6 + 8 + 8 + 7 - 18*j. Let z = -8 + -3. Is n(z) prime?
True
Let m(z) = 17*z**2 + 5*z - 64. Let d(o) = 3*o**2 + o - 13. Let p(a) = -11*d(a) + 2*m(a). Suppose 3*y + 4*f = -12, y + 2*f - 6*f = 12. Is p(y) a prime number?
False
Let d(s) = -s**3 - 8*s**2 - 7*s + 12. Let y be d(-7). Suppose l + 2*l - y = 0, -k = -l - 151. Is k prime?
False
Let i = -18 + -13. Let x = 220 - i. Is x a prime number?
True
Let d(l) = 4*l**2 + 10*l + 8266. Is d(0) prime?
False
Let z(b) be the third derivative of b**7/280 - b**6/360 + b**5/40 + 13*b**4/24 - 11*b**2. Let d(o) be the second derivative of z(o). Is d(-4) a prime number?
False
Suppose b = 276 + 35. Is b a prime number?
True
Let t = 8 + -6. Suppose t*o - 1192 - 54 = 0. Let g = -420 + o. Is g prime?
False
Let t(n) = n**2 + 8*n + 7. Let i be t(-7). Suppose 26 = -5*j - 9. Is (j - i)*-69 + 2 prime?
False
Suppose 356 = 3*x + x. Suppose -j = -284 - x. Is j prime?
True
Let d(q) = 5*q**2 - 11*q + 13. Let j be d(-6). Suppose -6*h - j = -7*h. Is h a prime number?
False
Suppose 0 = -x - 3*y - 1929, -2*x + 2*y - 3826 = -0*x. Let d = x + 4034. Is d composite?
True
Let s be -3 + -2 + (1 - 2). Let b(o) = 4*o**2 - 8*o + 2. Let t be b(s). Suppose 0 = -2*u + 4*l + 334, u - l = -26 + t. Is u a composite number?
True
Suppose -5*q + 26 + 89 = 5*t, 3*q + 85 = 4*t. Let x = -19 + t. Suppose -4 + 16 = x*l, 74 = 2*j + 3*l. Is j a composite number?
False
Suppose -c - 2*m = -91, 4*m = 4 + 16. Suppose -49*v + 47*v = 96. Let t = v + c. Is t a prime number?
False
Let c = 4 + -1. Suppose 2*q = -c*q - 15. Is -7 - -3 - (-534 - q) prime?
False
Suppose 0 = 9*m - 8*m - 789. Suppose -j + m = 4*j - 4*n, 0 = 4*n - 16. Suppose 2*i - 3*i = -j. Is i a prime number?
False
Suppose -18370 - 6207 = -7*q. Is q prime?
True
Let h(q) = -q**3 + 36*q**2 + 47*q + 81. Is h(37) prime?
False
Suppose -6*o = -7*o + 468. Suppose 2*i - 1394 = -4*g, 926 + o = 2*i + g. Is i a prime number?
False
Let v(n) = n - 11. Let c be v(8). Is 8 - 11 - 17274/(c - 0) a composite number?
True
Let o(f) = -5*f**2 - 18*f - 1. Let y be o(-12). Let r = y + 926. Suppose 0 = b - 1, -3*t + 2*t + r = 2*b. Is t a prime number?
True
Let f = 510 - -387. Let a = f + -530. Is a prime?
True
Let